/3 + 22*g. Let x(v) be the second derivative of t(v). What is x(-2)?
-6
Let x(s) = 258 + 1430*s - 2893*s + 1430*s. Calculate x(8).
-6
Let i be (-4)/7 - (4 - (-384)/(-84)). Let h(d) = -4*d + 28. Calculate h(i).
28
Let p(x) = -23*x + 47. Let m be p(2). Suppose 4*f = -4*a - 0*f + 1200, 0 = -f + 4. Let c(o) = -o - m + a*o**3 + o - 297*o**3. Determine c(2).
-9
Let s(q) = q**2 - 10*q - 1. Let a = 1 - 42. Let d = a + 51. What is s(d)?
-1
Suppose -53 = -22*v + 19*v - x, x = v - 15. Let s(g) = g**3 - 16*g**2 - 18*g - 1. What is s(v)?
-18
Let n(l) = 2*l + 4. Suppose 5*c + 5*r = 720, 3*c + 2*r + 3*r = 432. Suppose 3*o + o - c = 0. Let t = o - 39. Determine n(t).
-2
Let o(t) = -t + 3. Let p(b) = 2*b - 247 - 244 + 486. Let c(d) = -11*o(d) - 6*p(d). What is c(2)?
-5
Let b(r) be the second derivative of -r**5/60 + r**4/6 + 78*r**2 + 305*r. Let u(v) be the first derivative of b(v). Suppose -8 - 12 = -4*o. Calculate u(o).
-5
Let f(d) = -12*d + 41. Let r be f(4). Let s(y) = -3*y + 33. Let u(a) = a - 11. Let j(t) = r*u(t) - 2*s(t). Give j(6).
5
Let x(w) be the first derivative of -w**4/4 - 2*w**3 + 3*w**2 - w - 11. Suppose -5*l - 35 = -5*v, 5*l + 5*v = 5 - 40. Determine x(l).
6
Suppose 0 = 4*z - 8, -2*z = -5*t + 103 - 57. Let k(o) = o - 18. Calculate k(t).
-8
Let a(m) = 23*m - 3. Let d(t) = -44*t - 10. Let g(b) = -5*a(b) - 3*d(b). Give g(-3).
-6
Let r(t) be the third derivative of -t**7/5040 - 4*t**5/15 + t**4/24 - 2*t**2 + 43. Let a(z) be the third derivative of r(z). What is a(5)?
-5
Let i(v) = -v**3 + 3*v**2 + 4*v + 8. Let n(l) = -2*l**3 + 9*l**2 + 7*l + 17. Let a(f) = 5*i(f) - 2*n(f). Determine a(-4).
-2
Let s(t) = -2*t - 40. Suppose 9*r + 57 = -141. Calculate s(r).
4
Let n = -92 + 91. Let w be (n/5)/(-8 + 39/5). Let i(g) = -22*g. Determine i(w).
-22
Suppose 4*l = 2*l + 24. Let r(x) = -10*x + 2*x + 8*x - 2*x + x + 16. Determine r(l).
4
Let q(n) be the first derivative of n - 29. Suppose -3*k = 3*j - 3, j - 9 + 4 = 3*k. Let f(y) = 2*y - 7. Let a(d) = k*f(d) - 6*q(d). Determine a(2).
-3
Let b = -1995 - -1992. Let l(p) = -2*p + 3. Give l(b).
9
Let y be (4 - (-3 + 4))/(5/((-50)/3)). Let i(p) = -4*p + 25. Calculate i(y).
65
Let h be (2/(-7) - 1075/(-602))*2. Let v(n) be the second derivative of 0 + 3*n + 9*n**2 - 1/6*n**h. Give v(8).
10
Let a(r) = -r. Let q(b) = 262*b + 271*b - 521*b. Let i(g) = 5*a(g) + q(g). Determine i(-1).
-7
Let j(a) = a**3 - 5*a**2 + 3*a - 16. Let x be ((-3105)/1863)/((-10)/18). Calculate j(x).
-25
Let d(f) = 6*f - 2. Let c(h) = -7*h + 3. Let m(v) = 3*c(v) + 4*d(v). Let s = -18 + 19. Suppose -2*u = -3*g + 7, g + s = 4*u - 0*g. Calculate m(u).
4
Suppose -8*j + 38 = -3*j + 33. Let s(n) = -27*n**3 + 6*n**2 + 1. Give s(j).
-20
Let p be 3/3*(0 + 5). Suppose -2*v + 0 + 50 = 2*o, 0 = -4*v - p*o + 97. Let u = 26 - v. Let a(g) = -g**2 - 2*g + 1. Give a(u).
1
Let l(p) = -3*p**2 + 13*p - 31. Let x(w) = w**2 - 4*w + 11. Suppose 27 = -5*j - d, 0 = -4*j + 4*d - d - 33. Let f(s) = j*l(s) - 17*x(s). Determine f(10).
-1
Let x(g) = 8 + 320*g - 2 - 321*g. Determine x(8).
-2
Let b = -10 + 8. Let g be (3/b)/(3/4). Let y(q) be the third derivative of q**6/60 + q**5/60 - q**4/8 - q**3/3 + 44*q**2. Give y(g).
-8
Let j(w) be the third derivative of -w**4/24 - 16*w**3/3 - 31*w**2 - 12*w. Calculate j(-25).
-7
Let s = 149727 - 149722. Let u(x) = -4*x - 4*x**2 - 2 + 7*x**2 - 2*x**2. What is u(s)?
3
Let l(w) = -7. Let q(v) = -v + 8. Let i(r) = -6*l(r) - 5*q(r). Suppose -3*p + 2 - 14 = -5*z, 5*p = 5*z - 10. Let h = z - 5. Determine i(h).
-8
Let z(j) = 10*j**2 + 2*j - 1. Let m = 453 + -437. Suppose l + 5*p = m, p + 3*p = l + 11. Give z(l).
11
Let y(k) be the second derivative of -3*k**5/20 - 7*k**4/12 - k**3/6 - k**2/2 - 4*k + 69. What is y(-4)?
83
Suppose 4*o + 17925 - 17933 = 0. Let z(h) be the second derivative of -1/20*h**5 + 0 + 4*h + h**o + 5/12*h**4 - 5/6*h**3. What is z(4)?
-2
Let q(o) = -46*o + 425. Let s be q(9). Let j(b) be the first derivative of -b**3/3 + 11*b**2/2 + 3*b - 9. Determine j(s).
3
Let d(x) be the second derivative of x**5/20 - 17*x**4/12 + 17*x**3/6 - 11*x**2/2 - 101*x. Let p be d(16). Let g(s) = -2*s - 4. What is g(p)?
-14
Suppose 277*u - 288*u + 57 = -42. Let f(q) = 7*q - 22. Give f(u).
41
Suppose 5*h - 3*s - 15 = -8*s, 2*s = -3*h + 10. Let v be 12/(-8)*h*-1. Let q(b) = b + b - 3*b - v + 0*b. What is q(5)?
-11
Let h(k) be the third derivative of 0*k - 1/30*k**5 + 16*k**2 - 13/2*k**3 + 0 - 1/12*k**4. Let v(w) be the first derivative of h(w). Determine v(2).
-10
Let j = 1789 + -1788. Let t(h) = 83*h**2 - 2*h + 1. What is t(j)?
82
Let c(n) = -n - 6. Let i(s) = -3*s - 11. Let a(g) = -5*c(g) + 2*i(g). Suppose 3*u + 90 = 8*u. Suppose -2*y = u - 26. Calculate a(y).
4
Let h(a) = 59*a + a**2 + 3 + 58*a - 173*a + 63*a. Suppose -2*x = -2*d - 8, 0 = 5*d + 2*x - x + 20. Let w be (1 + d)*(-20)/(-15). Give h(w).
-9
Let p = 3835 + -11498/3. Let z(a) be the first derivative of -p*a**3 + 4*a**2 + 13 - 1/4*a**4 - a. What is z(-8)?
-1
Let j(i) be the third derivative of i**4/12 + 3*i**2. Let p be j(2). Let o(w) = w**2 + 2*w - 16. Let v(n) = n - 4. Let h(t) = o(t) - 4*v(t). Determine h(p).
8
Let w(y) = -19*y - 144. Let g be w(-8). Let s be (-2 - -7 - 9) + g. Let n(q) be the second derivative of q**3/6 - 7*q**2/2 + q. What is n(s)?
-3
Let p(y) = 40*y + 165. Suppose -34*f = -118*f + 129 - 465. What is p(f)?
5
Let c be (-1)/3 + (-34)/6. Let a(x) = x - 16. Let j(r) = -2*r + 18. Let y(n) = 3*a(n) + 2*j(n). Give y(c).
-6
Let t(p) = -p**3 + 2*p**2 + 4*p - 3. Let f = -63 - -65. Let a be ((-80)/6)/(f/(-3)). Suppose 6 = 22*v - a*v. Calculate t(v).
0
Let r(m) = 2*m**3 + 3*m**2 - m - 4. Suppose 0 = -5*k + 2*o + 10, -13 = 5*k + o - 8. Suppose -3*n + k*d + 9 = 3*d, -4*n + 5*d - 33 = 0. What is r(n)?
-6
Let j(m) = -m**2 - 7*m - 10. Let g(i) = -i + 3. Let h be g(1). Suppose 3*b = -5*u, 0 = -h*b - 6*u + u - 5. Suppose 4*r + b*r + 63 = 0. Calculate j(r).
-10
Let f(g) be the third derivative of 1/3*g**3 + 0 + 0*g + 123*g**2 + 1/4*g**4. Give f(1).
8
Let r(t) = 5*t + 6. Suppose -22*i + 4*h = -20*i - 310, h + 307 = 2*i. Let g = i + -147. Calculate r(g).
36
Let j(u) be the second derivative of -1/6*u**3 - 7/4*u**4 + 14*u + 2 - 1/2*u**2. Calculate j(-1).
-21
Suppose 17*h - 45 = 13*h - c, -4*c - 54 = -2*h. Let m(i) = -3*i. Determine m(h).
-39
Suppose 36 = -7*t + 64. Let o(w) = -4 - w + 2*w + t. Determine o(-2).
-2
Suppose 16*u = 17*u - 2. Suppose 3*y - 2*a = 4, -2*y + 3*y + a + u = 0. Let p(k) = k**2 - k - 34. Determine p(y).
-34
Let x(j) = 6 - 2*j - 3*j + 4*j. Let a = 46 - 39. What is x(a)?
-1
Let t = -490 + 490. Suppose 400 = 40*v - t*v. Let s(k) be the second derivative of k**5/20 - 11*k**4/12 + 3*k**3/2 + 2*k**2 - k. Determine s(v).
-6
Let f(s) be the second derivative of 5*s**3/6 + 5*s**2 + 9826*s. What is f(10)?
60
Suppose -9 - 11 = -2*m + 3*h, 40 = 4*m - 3*h. Let b(t) be the second derivative of -t**4/12 + 3*t**3/2 - 4*t - 28. Determine b(m).
-10
Let c(m) = 5*m**3 - 12*m**2 - 58. Let i(k) = 3*k**3 - 5*k**2 + k - 29. Let a(f) = -4*c(f) + 7*i(f). Determine a(-12).
89
Let c(x) = 2*x**2 + 3*x - 4. Let z(h) = 57*h**2 - 105*h**2 - h**3 + 2*h - 17 + 55*h**2. Let l be z(7). Calculate c(l).
5
Let m(o) = 1 - 3*o + o - o + o**2. Let x be -255 - (5 - 5/(2 + -1)). Let f = x - -258. What is m(f)?
1
Suppose 0 = -a - 4 + 16. Suppose -3*j + a = -3*u, 4*u + 10 = -5*j - 6. Let y(h) be the third derivative of -h**5/60 - h**4/12 + h**3/2 - 9621*h**2. Give y(u).
-5
Let m(u) = u**2 + 10*u - 23. Suppose -4*b - 30 = 2*r, 3*r = -15*b + 13*b - 5. Determine m(b).
-23
Let n(u) = u**2 - 87*u - 1890. Let j be n(105). Let k(p) = 12 + 0*p + p + 3 - p**2. What is k(j)?
15
Suppose 75*o + 5*w = 74*o - 12, 4*o - 4*w = 0. Let d(c) = 2*c**3 + 4*c**2 - 4*c - 13. Give d(o).
-5
Let y(p) = -p**3 + 5*p**2 - 3*p. Suppose 4 - 52 = -4*a. Suppose -4*h = -28 - a. Suppose 4*s = h*s - 12. Calculate y(s).
6
Let m(s) = -37835*s**3 + 18914*s**3 + 15*s**2 + 18920*s**3 - 29*s + 29. Give m(13).
-10
Let i(l) = 3*l**2 - 20*l + 14. Let p be i(6). Let r(q) be the first derivative of 6*q**2 - 2*q + 42. Calculate r(p).
22
Let w be ((-3 - -7) + -4)*4/(-36). Let p(k) = 8*k**2 + k - 5. Calculate p(w).
-5
Let j(m) = 2*m + 10. Suppose -5*h - 591 + 569 = 2*v, 2*v - 32 = 4*h. Determine j(h).
-2
Suppose -3*c + 5*r - 48 = 0, -32*c + 30*c - 4*r - 10